er when 2035924 is divided by 255.
4
Calculate the remainder when 9558379 is divided by 173.
129
What is the remainder when 31716 is divided by 7547?
1528
Calculate the remainder when 11151097 is divided by 1061.
1048
Calculate the remainder when 291937 is divided by 4861.
277
What is the remainder when 1457234 is divided by 245?
219
What is the remainder when 10940085 is divided by 18733?
13
Calculate the remainder when 1014088 is divided by 28151.
652
Calculate the remainder when 4024967 is divided by 2012480.
7
Calculate the remainder when 80093 is divided by 365.
158
Calculate the remainder when 14397548 is divided by 1107503.
9
What is the remainder when 496644 is divided by 99?
60
Calculate the remainder when 176467330 is divided by 497091.
25
Calculate the remainder when 30279 is divided by 8011.
6246
Calculate the remainder when 7008 is divided by 3186.
636
Calculate the remainder when 144067 is divided by 2585.
1892
Calculate the remainder when 77077536 is divided by 621593.
4
Calculate the remainder when 1715037 is divided by 270.
267
Calculate the remainder when 49230 is divided by 24052.
1126
Calculate the remainder when 1052406 is divided by 150252.
642
What is the remainder when 2711656 is divided by 24211?
24
Calculate the remainder when 1154903 is divided by 1050.
953
Calculate the remainder when 705661 is divided by 17211.
10
What is the remainder when 13402 is divided by 9474?
3928
What is the remainder when 23158 is divided by 283?
235
What is the remainder when 66265132 is divided by 2353?
2299
What is the remainder when 10836061 is divided by 41517?
124
Calculate the remainder when 62479419 is divided by 1862.
9
What is the remainder when 1692285 is divided by 60415?
665
What is the remainder when 1849835 is divided by 5657?
5653
Calculate the remainder when 179517 is divided by 986.
65
Calculate the remainder when 11773430 is divided by 71.
68
What is the remainder when 95524 is divided by 4216?
2772
Calculate the remainder when 90787 is divided by 881.
44
What is the remainder when 28299 is divided by 26378?
1921
Calculate the remainder when 18763 is divided by 219.
148
Calculate the remainder when 1037484 is divided by 3903.
3189
What is the remainder when 170654 is divided by 809?
764
What is the remainder when 719132 is divided by 2013?
491
What is the remainder when 11819061 is divided by 5909527?
7
What is the remainder when 95162 is divided by 774?
734
What is the remainder when 53124 is divided by 1041?
33
What is the remainder when 470474611 is divided by 107?
105
What is the remainder when 180004 is divided by 99?
22
What is the remainder when 58887 is divided by 7692?
5043
Calculate the remainder when 26539 is divided by 8798.
145
Calculate the remainder when 1015658 is divided by 2837.
12
Calculate the remainder when 23172083 is divided by 1007.
6
What is the remainder when 1705416 is divided by 957?
42
Calculate the remainder when 18485289 is divided by 1760.
9
What is the remainder when 28083 is divided by 67?
10
Calculate the remainder when 63194 is divided by 259.
257
Calculate the remainder when 32880686 is divided by 1545.
1541
What is the remainder when 74332399 is divided by 50?
49
Calculate the remainder when 83375 is divided by 744.
47
What is the remainder when 311798 is divided by 12604?
9302
What is the remainder when 154089055 is divided by 567?
1
What is the remainder when 99749145 is divided by 32?
25
Calculate the remainder when 524986 is divided by 130966.
1122
Calculate the remainder when 1382471 is divided by 440.
431
What is the remainder when 118734 is divided by 662?
236
Calculate the remainder when 66449 is divided by 2297.
2133
Calculate the remainder when 7489941 is divided by 792.
789
Calculate the remainder when 1441052 is divided by 14262.
590
What is the remainder when 14138369 is divided by 87?
86
What is the remainder when 2484486 is divided by 590?
586
Calculate the remainder when 18888 is divided by 12800.
6088
Calculate the remainder when 438926712 is divided by 153.
6
Calculate the remainder when 88935193 is divided by 944.
9
What is the remainder when 62778 is divided by 1101?
21
What is the remainder when 3622770 is divided by 144909?
45
Calculate the remainder when 28478604 is divided by 1221.
0
Calculate the remainder when 4157667 is divided by 562.
553
What is the remainder when 609375 is divided by 2032?
1807
What is the remainder when 224617 is divided by 560?
57
Calculate the remainder when 4845630 is divided by 183.
156
What is the remainder when 5043485 is divided by 1008696?
5
Calculate the remainder when 194407 is divided by 136.
63
What is the remainder when 246458670 is divided by 817?
816
Calculate the remainder when 8791459 is divided by 3.
1
Calculate the remainder when 23259052 is divided by 19.
12
What is the remainder when 23686583 is divided by 107?
100
What is the remainder when 570900 is divided by 697?
57
Calculate the remainder when 8271 is divided by 1327.
309
What is the remainder when 125709 is divided by 5918?
1431
Calculate the remainder when 12681511 is divided by 20.
11
What is the remainder when 4082321 is divided by 201?
11
What is the remainder when 907217 is divided by 906267?
950
Calculate the remainder when 38969373 is divided by 548.
545
What is the remainder when 3441525 is divided by 1147170?
15
What is the remainder when 81713012 is divided by 54?
50
What is the remainder when 209129 is divided by 9893?
1376
What is the remainder when 2165871 is divided by 85?
71
What is the remainder when 418270483 is divided by 139423491?
10
Calculate the remainder when 21459138 is divided by 103.
15
What is the remainder when 95181159 is divided by 63?
3
What is the remainder when 220834650 is divided by 3947?
0
What is the remainder when 5800921 is divided by 27?
25
Calculate the remainder when 147834 is divided by 36810.
594
Calculate the remainder when 74540 is divided by 12389.
206
What is the remainder when 1048151 is divided by 5917?
842
What is the remainder when 49981013 is divided by 142?
137
What is the remainder when 590755 is divided by 2591?
7
Calculate the remainder when 42879 is divided by 2271.
2001
Calculate the remainder when 10075572 is divided by 5037785.
2
What is the remainder when 14343 is divided by 12619?
1724
Calculate the remainder when 34515 is divided by 8119.
2039
What is the remainder when 3102992 is divided by 443201?
585
Calculate the remainder when 20369735 is divided by 6.
5
Calculate the remainder when 56334754 is divided by 4164.
4162
What is the remainder when 10559861 is divided by 691?
690
What is the remainder when 490169 is divided by 1287?
1109
Calculate the remainder when 36650 is divided by 40.
10
Calculate the remainder when 1160520 is divided by 1132.
220
What is the remainder when 1250405 is divided by 4113?
53
What is the remainder when 15331 is divided by 77?
8
Calculate the remainder when 3983174 is divided by 7.
6
What is the remainder when 8103363 is divided by 1468?
3
Calculate the remainder when 4405672 is divided by 553.
474
Calculate the remainder when 17184740 is divided by 21808.
36
What is the remainder when 195951880 is divided by 2247?
2245
What is the remainder when 64488 is divided by 104?
8
What is the remainder when 263653 is divided by 2865?
73
What is the remainder when 9044009 is divided by 332?
329
Calculate the remainder when 75428 is divided by 14500.
2928
Calculate the remainder when 928164 is divided by 21.
6
What is the remainder when 5594265 is divided by 83?
65
Calculate the remainder when 755538 is divided by 5284.
5210
What is the remainder when 857605 is divided by 294?
7
Calculate the remainder when 534162 is divided by 880.
2
What is the remainder when 7779810 is divided by 7?
3
Calculate the remainder when 50665674 is divided by 4680.
4674
What is the remainder when 4600910 is divided by 457?
291
What is the remainder when 1017793 is divided by 851?
848
What is the remainder when 85781409 is divided by 3497?
3496
Calculate the remainder when 79810 is divided by 39654.
502
What is the remainder when 437292 is divided by 5465?
92
Calculate the remainder when 1270732 is divided by 1418.
204
Calculate the remainder when 247027 is divided by 179.
7
Calculate the rem